+ 6*z(k). What is the units digit of v(-9)?
2
Let f be (-2)/(3/(-12)*2). Suppose 0 = -f*q + 89 + 215. What is the units digit of q?
6
Suppose p + 7 = 3*s, 2*p + 6*s - 2*s + 4 = 0. Let l(y) = -y + 2. Let w be l(0). Let h = w - p. What is the units digit of h?
6
Let y = -532 + 950. What is the hundreds digit of y?
4
Suppose 3*g + 320 - 89 = 0. Let q = g + 131. What is the tens digit of q?
5
Suppose 16*p - 11049 = -13*p. What is the units digit of p?
1
Let a(f) = 10*f - 1. Let s = 9 + -7. Let w be a(s). Let x = w + -13. What is the units digit of x?
6
Suppose -f + 5*x = 20, 4 = -f - 12*x + 9*x. What is the units digit of 154 - 1*2*15/f?
7
Suppose 2*d + 0*d = 10. Suppose -4*h = -4*w + 12, d*h - 7 = 4*w - 24. What is the tens digit of w + 3 + 1*9?
1
Let t = 3029 - 2143. What is the tens digit of t?
8
Suppose 5*g = 79 + 36. Suppose 3*h = 3*a + 75, 0 = -h - 0*h + 2*a + g. What is the tens digit of h?
2
Suppose -y = 17 - 71. Suppose -3*k + w - 165 = -8*k, 2*k - y = 2*w. Let a = -23 + k. What is the units digit of a?
9
Let t(x) = 5*x + 21. Let r be t(-6). Let s(a) = 2*a + 21. Let b be s(r). Suppose l - 29 = 2*u + 3, u = b*l - 101. What is the units digit of l?
4
Suppose 0 = 5*p - 136 + 1. Let u = 51 - p. What is the units digit of u?
4
Suppose h + 229 = 2*y, -5*y + 574 = 2*h - 4*h. What is the hundreds digit of y?
1
Suppose 0 = -x + 5, q = -0*q - 2*x + 15. Suppose 2*s + 2*s = 3*m + 317, 400 = q*s - 3*m. What is the units digit of s?
3
What is the hundreds digit of 2143 - 0 - (48/6 - 1)?
1
What is the tens digit of 1 - 186/12*-4?
6
Let o(z) = z**3 - 18*z**2 - 20*z + 9. Let m be o(19). Let d = 39 - m. What is the units digit of d?
9
Let s(c) be the third derivative of 17*c**6/120 - c**5/60 + 10*c**2. Let x be s(1). Let p = x - -2. What is the tens digit of p?
1
Let x(z) = 2*z**2 + 25*z - 8. Let o be x(-13). Suppose o*s = -4 + 114. What is the units digit of s?
2
Let c = 1695 + -842. What is the units digit of c?
3
Suppose 1 = 2*d - j - 2, 0 = d + 2*j - 14. Suppose -2*r + 249 = 4*s - 3*r, -d*s + 219 = 5*r. What is the units digit of s?
1
Suppose 28*b - 7964 = 6*b. What is the units digit of b?
2
What is the units digit of 6 - (-24)/(-30)*885/(-2)?
0
Let z(x) = -x**2 - 5*x + 8. Let g be z(-6). Suppose -4*t + 33 = -23. Let v = t - g. What is the tens digit of v?
1
Let t be (3 - 156/(-4)) + 5. Let s = -12 + t. What is the tens digit of s?
3
Let r(p) = -6*p + 26. Let y be r(-7). Suppose -325 = -3*g + y. What is the hundreds digit of g?
1
Let c(a) = 10*a + 67. Suppose 0 = -30*x + 26*x + 80. What is the units digit of c(x)?
7
Suppose -12*d = -7*d - 210. Let q = d + -19. What is the units digit of q?
3
Let h = -39 + 183. What is the tens digit of h?
4
What is the hundreds digit of (-392200)/(-575) - (213/69 + -3)?
6
Suppose 421 + 1494 = 2*p - 3*j, -3*p - 3*j = -2880. What is the units digit of p?
9
Suppose -3*m + 2*m + 235 = 0. What is the units digit of m?
5
Let z(v) = -v - 1. Let x be z(-4). Suppose -x*g + 4*w = -47, 5*g - 2*w - 25 = -6*w. Suppose -27 - g = -4*t. What is the units digit of t?
9
What is the tens digit of 481 - (1/4 + 152/32)?
7
Let m(o) = o**3 + 12*o**2 - 7*o - 11. What is the tens digit of m(6)?
9
Let c(a) = -28*a - 126. What is the units digit of c(-26)?
2
Let c(a) = 3*a**2 + 5*a - 1. Let g be c(-4). Let u = 9 + -12. Let w = g + u. What is the units digit of w?
4
Let b be 2 + ((-20)/4 - 0). Let d be -7*(69/(-21) - b). Suppose -45 = -2*q + f, f = -d*q - f + 48. What is the tens digit of q?
2
Let l(z) = 2*z**3 + 9*z**2 - 27*z - 24. Let a(t) = -t**3 - 5*t**2 + 13*t + 12. Let r(q) = 9*a(q) + 4*l(q). Let h = -18 - -8. What is the units digit of r(h)?
2
Let z = 17 - 7. Let t be (1 - 1) + (13 - z). Suppose 0 = u, 0 = -t*r + u - 7 + 94. What is the tens digit of r?
2
Let r = -1 - -3. Suppose 0 = -r*l + 7 - 9. Let y = 11 + l. What is the tens digit of y?
1
What is the hundreds digit of (-8515)/(-39) - (-2)/(-6)?
2
Let a(p) = 0*p - 2*p - 6*p - 1 + p. Let h be a(-2). Let i(l) = -l**2 + 15*l - 4. What is the tens digit of i(h)?
2
Let t(h) = -9*h - 1. Suppose -3*k - 5*d + 7 = -14, 14 = k + 4*d. Let o = -3 + k. What is the units digit of t(o)?
8
Let v = -53 + 146. Suppose 4*c - 420 = -5*w, -v = -w - 2*c + 3*c. Suppose -m = 4*r + 19 - 51, -2*r = 5*m - w. What is the tens digit of m?
1
What is the tens digit of ((-3)/9)/(1/(-33))?
1
Suppose 2*w - 2*j = j - 2951, -4*w - 5914 = -2*j. What is the units digit of w/(-12)*(-24)/(-16)?
5
Let j = 2 + -2. Suppose -2*o - 3*o - 10 = 5*c, 2*c + 4 = j. Suppose 18*n - 15*n - 222 = o. What is the units digit of n?
4
Let r(y) be the first derivative of -y**2/2 - 2*y - 8. Let g be r(-5). Suppose 3*u + 80 = 5*l - g*l, 4*u - 103 = -3*l. What is the tens digit of l?
3
Let t = 6 - 6. Suppose 24 = 3*q - t*q. Let u = q - 0. What is the units digit of u?
8
Let a be 0 - ((-4 - -1) + 1). Let y be (8/(-36))/(-1) - (-986)/18. Suppose 0 = 2*k - 0*k - 3*p - y, -a*k + 45 = -5*p. What is the units digit of k?
5
Let n = -2725 + 3296. What is the tens digit of n?
7
Let d = 921 - 538. What is the tens digit of d?
8
Let v = 220 + -102. Suppose s - 3*c + 126 = -4*s, -c - v = 5*s. What is the units digit of (-2)/3*(-6 + s)?
0
Suppose h + 0*h - 3 = 0. Let j(t) = -4 - 7*t + 2*t + h. What is the tens digit of j(-3)?
1
Let z(y) = 2*y**2 + 14*y - 14. Let q be z(1). Let m(l) = 3*l + 1. Let u be m(1). Suppose -q*b + u*b = 132. What is the units digit of b?
6
Suppose -3*y + 0*y + 12 = 0. What is the units digit of y/(-18) - (-1 - (-146)/(-9))?
7
Let o = -236 + 602. What is the tens digit of o?
6
Let s = -13 + 15. Let n be (9 + s)*(4 + -5). Let m = n + 62. What is the tens digit of m?
5
Let y = -50 + 29. Let d = 194 - y. Suppose -9 - d = -4*t. What is the tens digit of t?
5
Let u = -309 - -1456. What is the units digit of u?
7
Let k(x) = 42*x**2 + 8*x - 13. What is the tens digit of k(4)?
9
Suppose 0 = m - 0*m - 4. Suppose -6*n + 180 = -m*n. Suppose 12*r - 9*r - n = 0. What is the units digit of r?
0
Suppose -1105 = -7*i + 2*i. Suppose -3*j + 142 = -i. What is the tens digit of j?
2
Let j(g) = -g**2 + 22*g - 17. Let y be j(21). What is the tens digit of (y + 1 + 12)*(-1 - -2)?
1
Let z be ((-6)/4)/(8/16). What is the tens digit of 158/z*(-6)/4?
7
Suppose -x = 4*l - 3, 2*x - 2*l - 2*l + 42 = 0. Let o = 421 - 486. What is the units digit of x/o + (-498)/(-10)?
0
Let u be ((-9)/(-12))/(4/(-64)). Let d be ((-20)/(-16))/(1/u). Let t = 0 - d. What is the tens digit of t?
1
Suppose 2 = -4*t - 2*o, 3*t + 2 = o + 3. Suppose t = -10*z + 17*z - 567. What is the tens digit of z?
8
Let d(y) = y + 1. Let r be d(-12). Let n(w) = w**3 + 11*w**2 + 4. Let t be n(r). Suppose -110 = -t*j + 30. What is the units digit of j?
5
Let a be (5 - (2 + 1))*2. What is the tens digit of (-2)/(a/(-2)) + 53?
5
Suppose -36 = -2*o - g + 6*g, 3*o = -3*g + 12. Suppose 23*x = 21*x - 40. What is the units digit of ((-30)/o)/(5/x)?
5
Suppose 5*y - 8*a - 965 = -3*a, -5*a = 15. Suppose 3*m - y - 128 = 0. What is the hundreds digit of m?
1
Let p(b) be the third derivative of -b**6/120 - b**5/6 - b**4/2 + b**3/2 + b**2. Let o be p(-9). Suppose 2*d - o = 24. What is the tens digit of d?
2
Suppose -7*d + 473 + 2187 = 0. What is the tens digit of d?
8
Let w be (-5)/(20/8) + (2 - 0). Suppose 0 = -w*r - 7*r + 700. What is the hundreds digit of r?
1
Let m(i) = 6*i**2 + 24*i + 48. What is the tens digit of m(-20)?
6
Suppose q - 2*z - 8 = -0*q, 0 = 5*q + 5*z + 5. Suppose 29 = q*m + 1. Suppose -m = 2*o - 60. What is the units digit of o?
3
Suppose 4*p = 4*g + 23 + 89, -2*p + 58 = -3*g. Let h = 104 - p. What is the tens digit of h?
7
Let w(d) = -2*d**2 + 9*d + 8. Let v(p) = 3*p**2 - 17*p - 15. Let x(f) = 6*v(f) + 11*w(f). Let k be x(-1). What is the units digit of (6/(-4))/k*146?
3
Let q(l) be the second derivative of l**3/2 + 8*l**2 + 22*l. What is the units digit of q(13)?
5
Let o(d) = -12*d - 2. Let q be o(-1). Suppose -4*y = y - q, 2*z + 4*y - 16 = 0. Suppose c + 5*n = 6*c - 155, -99 = -z*c - n. What is the units digit of c?
6
Let m(g) = -3*g - 7. Let c(y) = -4*y - 7. Let v(u) = -5*c(u) + 6*m(u). Let l be v(6). Let w = l + -1. What is the units digit of w?
4
Suppose 4*p - 9214 = x + 4591, -4*p + 13807 = -3*x. What is the thousands digit of p?
3
Let d = 1 - -12. Let g = 16 - d. Suppose -3*z + l = -8 